te the remainder when 331197 is divided by 240.
237
Calculate the remainder when 132552 is divided by 1921.
3
Calculate the remainder when 390663 is divided by 11.
9
Calculate the remainder when 16671 is divided by 4166.
7
What is the remainder when 66526 is divided by 231?
229
Calculate the remainder when 79947 is divided by 56.
35
Calculate the remainder when 57595 is divided by 17.
16
What is the remainder when 36814 is divided by 144?
94
What is the remainder when 129 is divided by 58?
13
Calculate the remainder when 9805 is divided by 121.
4
Calculate the remainder when 18913 is divided by 6293.
34
What is the remainder when 30532 is divided by 90?
22
Calculate the remainder when 5287 is divided by 123.
121
What is the remainder when 1372 is divided by 56?
28
Calculate the remainder when 2153 is divided by 47.
38
What is the remainder when 46433 is divided by 84?
65
Calculate the remainder when 297885 is divided by 16.
13
Calculate the remainder when 2735 is divided by 2.
1
What is the remainder when 40140 is divided by 293?
292
What is the remainder when 11923 is divided by 3968?
19
Calculate the remainder when 5722 is divided by 299.
41
Calculate the remainder when 2597 is divided by 30.
17
What is the remainder when 7965 is divided by 569?
568
Calculate the remainder when 8650 is divided by 45.
10
What is the remainder when 138077 is divided by 80?
77
Calculate the remainder when 17452 is divided by 5715.
307
Calculate the remainder when 1910 is divided by 583.
161
What is the remainder when 4248 is divided by 381?
57
Calculate the remainder when 24887 is divided by 507.
44
What is the remainder when 195138 is divided by 221?
216
What is the remainder when 61472 is divided by 23?
16
Calculate the remainder when 637423 is divided by 16.
15
Calculate the remainder when 11581 is divided by 890.
11
What is the remainder when 76632 is divided by 197?
196
What is the remainder when 120286 is divided by 33?
1
Calculate the remainder when 1158 is divided by 235.
218
Calculate the remainder when 63325 is divided by 7913.
21
What is the remainder when 4948 is divided by 1231?
24
What is the remainder when 36154 is divided by 1571?
21
Calculate the remainder when 418 is divided by 110.
88
What is the remainder when 141847 is divided by 66?
13
What is the remainder when 88264 is divided by 400?
264
Calculate the remainder when 90636 is divided by 3125.
11
Calculate the remainder when 17760 is divided by 17758.
2
What is the remainder when 7903 is divided by 2633?
4
What is the remainder when 11150 is divided by 5570?
10
What is the remainder when 60662 is divided by 60648?
14
Calculate the remainder when 24704 is divided by 1176.
8
Calculate the remainder when 725 is divided by 94.
67
Calculate the remainder when 660 is divided by 461.
199
What is the remainder when 446981 is divided by 35?
31
What is the remainder when 6023 is divided by 350?
73
Calculate the remainder when 24358 is divided by 49.
5
What is the remainder when 529 is divided by 18?
7
What is the remainder when 1445 is divided by 411?
212
Calculate the remainder when 297952 is divided by 21.
4
What is the remainder when 3315 is divided by 537?
93
Calculate the remainder when 657 is divided by 150.
57
What is the remainder when 23643 is divided by 110?
103
Calculate the remainder when 2286 is divided by 24.
6
Calculate the remainder when 45970 is divided by 876.
418
What is the remainder when 60912 is divided by 10149?
18
Calculate the remainder when 9506 is divided by 674.
70
What is the remainder when 1439 is divided by 473?
20
What is the remainder when 551295 is divided by 49?
45
Calculate the remainder when 9290 is divided by 774.
2
What is the remainder when 785007 is divided by 30?
27
What is the remainder when 37210 is divided by 2862?
4
Calculate the remainder when 97677 is divided by 444.
441
Calculate the remainder when 2958 is divided by 488.
30
Calculate the remainder when 1592 is divided by 1563.
29
What is the remainder when 17078 is divided by 3321?
473
Calculate the remainder when 198652 is divided by 907.
19
What is the remainder when 32622 is divided by 170?
152
Calculate the remainder when 26139 is divided by 13.
9
What is the remainder when 196543 is divided by 6777?
10
Calculate the remainder when 1098909 is divided by 16.
13
What is the remainder when 30777 is divided by 30689?
88
What is the remainder when 14283 is divided by 462?
423
What is the remainder when 1916 is divided by 479?
0
Calculate the remainder when 45735 is divided by 462.
459
What is the remainder when 20272 is divided by 20261?
11
What is the remainder when 3283902 is divided by 64?
62
What is the remainder when 49593 is divided by 335?
13
What is the remainder when 12390 is divided by 50?
40
Calculate the remainder when 63962 is divided by 9136.
10
What is the remainder when 945 is divided by 364?
217
What is the remainder when 4083 is divided by 16?
3
Calculate the remainder when 79275 is divided by 44.
31
Calculate the remainder when 27412 is divided by 85.
42
What is the remainder when 1913 is divided by 578?
179
What is the remainder when 9890 is divided by 653?
95
Calculate the remainder when 1618 is divided by 150.
118
Calculate the remainder when 9264 is divided by 55.
24
Calculate the remainder when 19989 is divided by 3329.
15
Calculate the remainder when 5027 is divided by 2133.
761
Calculate the remainder when 5525879 is divided by 1283.
1281
Calculate the remainder when 84557 is divided by 71.
67
Calculate the remainder when 217050 is divided by 228.
222
What is the remainder when 124524 is divided by 103?
100
Calculate the remainder when 13659 is divided by 49.
37
Calculate the remainder when 243191 is divided by 18700.
91
What is the remainder when 68795 is divided by 118?
1
What is the remainder when 132576 is divided by 884?
860
What is the remainder when 88388 is divided by 4419?
8
What is the remainder when 26409 is divided by 1885?
19
What is the remainder when 363912 is divided by 574?
570
What is the remainder when 29301 is divided by 33?
30
Calculate the remainder when 521134 is divided by 308.
306
Calculate the remainder when 183006 is divided by 25.
6
What is the remainder when 3588 is divided by 71?
38
Calculate the remainder when 15515 is divided by 40.
35
Calculate the remainder when 506904 is divided by 506900.
4
Calculate the remainder when 255524 is divided by 1018.
6
Calculate the remainder when 21907 is divided by 55.
17
What is the remainder when 2614 is divided by 367?
45
What is the remainder when 70466 is divided by 169?
162
What is the remainder when 23050 is divided by 27?
19
What is the remainder when 336 is divided by 185?
151
What is the remainder when 29021 is divided by 2394?
293
What is the remainder when 32369 is divided by 25?
19
What is the remainder when 39752 is divided by 103?
97
What is the remainder when 5393 is divided by 4738?
655
What is the remainder when 8304 is divided by 36?
24
What is the remainder when 12448 is divided by 1766?
86
What is the remainder when 748037 is divided by 1343?
1329
Calculate the remainder when 3993 is divided by 21.
3
What is the remainder when 11615 is divided by 3866?
17
Calculate the remainder when 94 is divided by 60.
34
Calculate the remainder when 226259 is divided by 1363.
1
What is the remainder when 204 is divided by 162?
42
Calculate the remainder when 2625 is divided by 1312.
1
Calculate the remainder when 757995 is divided by 314.
313
What is the remainder when 28774 is divided by 24?
22
Calculate the remainder when 13346 is divided by 732.
170
Calculate the remainder when 146992 is divided by 73494.
4
What is the remainder when 115135 is divided by 224?
223
What is the remainder when 6406 is divided by 134?
108
What is the remainder when 20313 is divided by 1846?
7
Calculate the remainder when 6189 is divided by 562.
7
What is the remainder when 1780559 is divided by 45?
44
Calculate the remainder when 17825 is divided by 97.
74
What is the remainder when 321380 is divided by 64275?
5
Calculate the remainder when 4539743 is divided by 144.
143
What is the remainder when 115006 is divided by 1456?
1438
What is the remainder when 72536 is divided by 9067?
0
Calculate the remainder when 3341